n 8754973 is divided by 11736.
11653
Calculate the remainder when 2282255 is divided by 55663.
72
What is the remainder when 233726534 is divided by 4582873?
11
Calculate the remainder when 7956751 is divided by 149.
2
Calculate the remainder when 2291668 is divided by 159.
1
What is the remainder when 17427541 is divided by 6829?
6762
Calculate the remainder when 2539472 is divided by 447.
65
What is the remainder when 44290 is divided by 21915?
460
Calculate the remainder when 319055 is divided by 77.
44
What is the remainder when 1662490 is divided by 831236?
18
What is the remainder when 1817615 is divided by 1219?
86
Calculate the remainder when 256837 is divided by 1852.
1261
What is the remainder when 135747 is divided by 5440?
5187
What is the remainder when 20276145 is divided by 20276135?
10
What is the remainder when 40772581 is divided by 39?
31
What is the remainder when 14713 is divided by 10395?
4318
What is the remainder when 8106025 is divided by 2800?
25
Calculate the remainder when 1647099 is divided by 1647071.
28
What is the remainder when 119865 is divided by 3744?
57
Calculate the remainder when 351250 is divided by 10976.
18
Calculate the remainder when 109133 is divided by 294.
59
What is the remainder when 1079916 is divided by 1102?
1058
Calculate the remainder when 6649042 is divided by 184.
18
What is the remainder when 169081 is divided by 2588?
861
Calculate the remainder when 1427121 is divided by 357.
192
What is the remainder when 275924 is divided by 1723?
244
Calculate the remainder when 4113385 is divided by 378.
367
What is the remainder when 119395 is divided by 22929?
4750
Calculate the remainder when 4807725 is divided by 64103.
0
Calculate the remainder when 31818 is divided by 12980.
5858
Calculate the remainder when 67186 is divided by 329.
70
What is the remainder when 1710108 is divided by 3483?
3438
What is the remainder when 1379295 is divided by 229873?
57
Calculate the remainder when 305979 is divided by 1020.
999
Calculate the remainder when 2960058 is divided by 1296.
1290
Calculate the remainder when 257586 is divided by 64333.
254
What is the remainder when 3988386 is divided by 3539?
3472
Calculate the remainder when 13079014 is divided by 14294.
4
What is the remainder when 117517 is divided by 6504?
445
What is the remainder when 51750469 is divided by 178?
173
Calculate the remainder when 1534998 is divided by 2165.
13
Calculate the remainder when 136646590 is divided by 3791.
3786
Calculate the remainder when 19703241 is divided by 2447.
2444
What is the remainder when 3485616 is divided by 5928?
5880
Calculate the remainder when 1598214 is divided by 558.
102
What is the remainder when 4178035 is divided by 1928?
59
Calculate the remainder when 50269 is divided by 220.
109
Calculate the remainder when 3040895 is divided by 1013623.
26
Calculate the remainder when 3134084 is divided by 32310.
14
Calculate the remainder when 14945592 is divided by 67.
36
What is the remainder when 59871 is divided by 4962?
327
Calculate the remainder when 4106832 is divided by 2446.
2444
What is the remainder when 4424 is divided by 3386?
1038
Calculate the remainder when 6567465 is divided by 218.
215
Calculate the remainder when 1363433 is divided by 15851.
247
Calculate the remainder when 812540 is divided by 166.
136
What is the remainder when 113026 is divided by 11238?
646
What is the remainder when 5694287 is divided by 5694262?
25
Calculate the remainder when 1349714 is divided by 67.
66
What is the remainder when 27335414 is divided by 1708463?
6
Calculate the remainder when 743922 is divided by 247900.
222
What is the remainder when 76164697 is divided by 4?
1
Calculate the remainder when 330310687 is divided by 148.
143
Calculate the remainder when 17003707 is divided by 3847.
3814
Calculate the remainder when 1251558 is divided by 4706.
4468
Calculate the remainder when 6060590 is divided by 1212116.
10
What is the remainder when 86024 is divided by 42866?
292
What is the remainder when 21537417 is divided by 1853?
1851
What is the remainder when 39535 is divided by 1417?
1276
What is the remainder when 4922042 is divided by 332?
142
What is the remainder when 25015048 is divided by 65?
58
What is the remainder when 5817635 is divided by 913?
912
What is the remainder when 158645534 is divided by 371?
369
What is the remainder when 64168847 is divided by 67?
66
Calculate the remainder when 83194 is divided by 343.
188
What is the remainder when 135377 is divided by 16921?
9
What is the remainder when 504605 is divided by 327?
44
Calculate the remainder when 55521 is divided by 10875.
1146
Calculate the remainder when 6850267 is divided by 380.
7
Calculate the remainder when 274552 is divided by 101.
34
Calculate the remainder when 58737 is divided by 31.
23
Calculate the remainder when 654537825 is divided by 6692.
6689
Calculate the remainder when 5743 is divided by 1259.
707
What is the remainder when 900388 is divided by 40918?
192
What is the remainder when 2716573 is divided by 132?
13
Calculate the remainder when 1163134 is divided by 581489.
156
What is the remainder when 99491 is divided by 31?
12
Calculate the remainder when 38240821 is divided by 36770.
21
What is the remainder when 97769 is divided by 4435?
199
Calculate the remainder when 197895555 is divided by 826.
823
What is the remainder when 1419059718 is divided by 2015?
2013
Calculate the remainder when 676653 is divided by 2374.
63
Calculate the remainder when 33492189 is divided by 29.
2
What is the remainder when 1595638 is divided by 177197?
865
What is the remainder when 319335037 is divided by 64?
61
Calculate the remainder when 267861 is divided by 4320.
21
What is the remainder when 17508 is divided by 5694?
426
Calculate the remainder when 5294884 is divided by 756411.
7
Calculate the remainder when 4518280 is divided by 451828.
0
Calculate the remainder when 8359125 is divided by 5428.
5
Calculate the remainder when 12264134 is divided by 1667.
15
What is the remainder when 11490290 is divided by 369?
368
Calculate the remainder when 16526538 is divided by 121.
116
What is the remainder when 8726464 is divided by 271?
264
Calculate the remainder when 1339765 is divided by 142.
137
What is the remainder when 53701 is divided by 3111?
814
Calculate the remainder when 509362 is divided by 7072.
178
Calculate the remainder when 565803 is divided by 279.
270
What is the remainder when 70280 is divided by 8668?
936
Calculate the remainder when 52595 is divided by 4043.
36
Calculate the remainder when 133568185 is divided by 315.
310
What is the remainder when 324039 is divided by 48?
39
Calculate the remainder when 1507160 is divided by 21.
11
Calculate the remainder when 270113 is divided by 549.
5
Calculate the remainder when 101681320 is divided by 3607.
3597
What is the remainder when 811530 is divided by 13?
5
What is the remainder when 94467013 is divided by 11808375?
13
Calculate the remainder when 150724 is divided by 73887.
2950
Calculate the remainder when 240382 is divided by 59556.
2158
Calculate the remainder when 252611066 is divided by 448.
442
What is the remainder when 330222 is divided by 276?
126
What is the remainder when 3112810 is divided by 1514?
26
Calculate the remainder when 277181 is divided by 22.
3
What is the remainder when 1129195 is divided by 282296?
11
What is the remainder when 170666 is divided by 5331?
74
Calculate the remainder when 78914 is divided by 8711.
515
Calculate the remainder when 28480537 is divided by 56961.
37
Calculate the remainder when 181014 is divided by 7033.
5189
Calculate the remainder when 35712897 is divided by 115.
107
Calculate the remainder when 66279280 is divided by 30885.
70
What is the remainder when 951703 is divided by 50088?
31
Calculate the remainder when 5165420 is divided by 1071.
1058
Calculate the remainder when 2965691 is divided by 199.
193
What is the remainder when 7445408 is divided by 76?
68
Calculate the remainder when 6871011 is divided by 4596.
4587
What is the remainder when 2402165 is divided by 2690?
2685
What is the remainder when 208607 is divided by 476?
119
What is the remainder when 229435 is divided by 105?
10
Calculate 